or of a and 35?
7
Suppose 3*o = 270*o - 5746 - 10541. Let h(r) = -32*r**3 - 4*r**2 - r + 2. Let t be h(-2). What is the highest common factor of t and o?
61
Let a be (0 + 2)/((-20)/(-10090)) - (-6 + 1). Calculate the highest common divisor of a and 12.
6
Suppose -2*z + 64*v + 126 = 52*v, 2*v + 63 = z. What is the highest common factor of 2037 and z?
21
Let i = -18 + 32. Let r(n) = n**2 - 6*n + 19. Let a be r(8). Let k = 21 + a. Calculate the greatest common divisor of i and k.
14
Let p = -14 + 8. Suppose -81 = 5*o - 136. Let k = p + o. Calculate the highest common divisor of k and 55.
5
Let q be (-144)/(-10) + -2*12/60. Let f(x) = x**3 - 8*x**2 + 6*x. Let o be f(5). Let j be 840/o*(-21)/4. Calculate the highest common divisor of q and j.
14
Let p(b) = 5*b**2 - 2*b - 24. Let w be p(8). Suppose -208 = t - w. What is the highest common factor of 27 and t?
9
Let z(a) = 45*a**2 - a. Let s be z(-1). Let j(u) = 6*u**3 - 18*u**2 - 6*u + 20. Let d be j(4). What is the greatest common factor of d and s?
46
Let s = 353 - 155. Let p = -41968 + 41986. Calculate the greatest common factor of p and s.
18
Let i be (7 - (-475)/(-19))/(14/(-119)). Let v be ((-16)/(-2))/((-8)/(-68)). What is the highest common divisor of v and i?
17
Let j(z) = z**2 - 11*z - 12. Let r be j(12). Suppose r*s - 5*s - 15 = 0. Let y = s + 4. What is the highest common divisor of y and 1?
1
Let k be -4 - (18 - 12 - 12). Calculate the greatest common divisor of 83 and k.
1
Let g = -23 - -43. Let r(w) = -w**2 - 6*w + 12. Let y be r(-7). Let o be -16*(y + (-60)/8). What is the greatest common factor of g and o?
20
Let w be (-12)/(-18) + (39/9 - 2). Suppose 2288 = w*i + 8*i. What is the highest common factor of 13 and i?
13
Let y = -3 - -13. Let h(b) = -16*b - 27*b - 8*b + 3*b - 238 + 4*b. Let t be h(-7). Calculate the greatest common factor of t and y.
10
Let n = -7287 - -7364. Calculate the highest common divisor of n and 2321.
11
Suppose 2*i - 7 + 1 = 0, -5*b = -4*i - 38. Suppose x + 32 = 2*a + 8, 5*a - 74 = 6*x. What is the highest common divisor of b and a?
10
Suppose -9*h + 61 + 56 = 0. Let f(r) = 16*r - 203. Let p be f(h). What is the greatest common divisor of 345 and p?
5
Let l(g) be the third derivative of -5*g**4/12 - g**3/6 - 2*g**2 + 2. Let h be l(-1). Calculate the greatest common divisor of h and 96.
3
Let n be 8/(40/(-15)) + 1800/15. What is the greatest common factor of 221 and n?
13
Suppose 0 = -5*x + 2*x + 18. Suppose -2*s + 4143 - 4125 = 0. What is the highest common factor of s and x?
3
Suppose 385 = 17*y - 686. Calculate the highest common divisor of 639 and y.
9
Let t be 3 + 194 + -5 + 6. Let y(b) = 2*b - 392. Let s be y(0). Let n be (-4)/(-18) + s/(-18). What is the greatest common factor of t and n?
22
Let u be -1 - 2/((-10)/375). Let b = 2052 + -1238. What is the highest common divisor of b and u?
74
Suppose 0 = 3*o + 8*o - 66 - 22. Let b(t) = t**2 - 5*t + 3. Let q be b(5). Calculate the greatest common factor of q and o.
1
Suppose 5*v = t - 457, -437 = -t - 7*v + 8*v. Suppose 6*i = -6*i + t. Calculate the highest common divisor of i and 576.
36
Let j be (-2642)/(-18) + (-2)/(-9). Let y(s) = s + 43. Suppose 3*h = 21 - 87. Let p be y(h). What is the highest common factor of p and j?
21
Let r be (12 + (-115)/10)*192. What is the highest common factor of 14048 and r?
32
Let z(x) = 6*x**2 + 4*x + 52. Let a be z(-5). Suppose -a = -24*y - 14. What is the greatest common factor of 91 and y?
7
Let x(p) = p**3 - 52*p**2 + 8*p + 223. Let d be x(53). Calculate the greatest common factor of d and 54.
54
Let p(b) = b**3 - 18*b**2 - 60*b + 1. Let s be p(21). What is the highest common divisor of 20 and s?
4
Let f = 6919 - 6887. Let m(z) = -8*z - 8. Let i = -18 - -11. Let s be m(i). What is the highest common factor of f and s?
16
Let u be (828/(-552))/((-9)/66). Suppose 0 = 2*a - 191 - 7. Calculate the greatest common divisor of u and a.
11
Suppose 0 = j - 193*u + 194*u - 53, -5*j = 4*u - 259. Let d(m) = 141*m**2 + m - 1. Let o be d(1). What is the greatest common factor of o and j?
47
Let s be (38880/(-70))/16*(2 - 9). What is the greatest common factor of 36 and s?
9
Suppose -92 = -w - 3*w. Let h(i) = i**2 - 3*i - 156. Let g be h(-17). Calculate the greatest common divisor of w and g.
23
Let g be 1*((6 - 3) + -1). Suppose -3*u + 4*x + 11 = 0, -3*x + g*x - 32 = -4*u. Calculate the greatest common divisor of 63 and u.
9
Let t = -17 + 25. Suppose 0*g = 2*w + 2*g - 92, 3*w = 2*g + 148. Let n be (-6)/4*w/(-36). What is the highest common divisor of t and n?
2
Suppose -4*n + 59 = 3*h, -3*n - 2*h + 13 = -32. Calculate the highest common divisor of 23 and n.
1
Let c be (9*2/39)/((-216)/(-130572)). Let i be 102/(-5) - 2/(-5). Let d = 51 + i. Calculate the highest common divisor of d and c.
31
Suppose 173 = -3*i + 653. Suppose 8*p - 24*p + i = 0. Calculate the highest common divisor of p and 45.
5
Suppose 2*y + 5*z = 0, -1 + 15 = 2*y - 2*z. Let j be 2 - (236/(-10) + 3/y). Suppose -j = -3*t - 10. What is the highest common divisor of t and 5?
5
Let l be -2 + 4 + 4*2/2. Suppose 73 + 95 = l*r. Calculate the highest common divisor of r and 28.
28
Suppose 1049 - 1073 = -4*h. Let y = 8 + -5. Suppose -2*d = y*d - 90. What is the highest common divisor of d and h?
6
Suppose 115*m - 207 = 92*m. Calculate the highest common factor of 4860 and m.
9
Let c be 197 - (-3)/((-60)/200). What is the highest common factor of 231 and c?
11
Let u(x) = -30*x - 465*x**2 - 476*x**2 - 8*x**3 + 930*x**2. Let p be u(-3). Calculate the greatest common factor of 18 and p.
9
Let c be 2*-1 + (-1054)/17. Let j = c - -76. Let s be -6*(-4)/j - 0. What is the highest common divisor of 8 and s?
2
Let a = 16 - 10. Let o = 108 + -99. Suppose -o*n + 11*n = 3*j + 11, 2*n = -4*j + 4. Calculate the greatest common divisor of a and n.
2
Let z be (-30)/(-35)*(-36 - -1). Let n = -47 - z. Let u be (-96)/(-7) - n/((-357)/(-6)). Calculate the highest common factor of 42 and u.
14
Suppose -5 = -t + 8. Let y be -4 + 2 + 3 - -3. Suppose -y*h = -9*h + 260. What is the highest common factor of h and t?
13
Let a = -7 + 9. Let w = a + 3. Let q = -321 - -361. Calculate the highest common divisor of q and w.
5
Let p(d) = -7 + 0*d**2 + 7 + 16*d + 4 - 2*d**2. Let x be p(7). What is the highest common factor of x and 6?
6
Let m be 0/(-2 - (3 + -6)). Let d be 79 - -7 - (-2 + m). What is the highest common divisor of 22 and d?
22
Let k = -6045 - -9817. Calculate the greatest common factor of k and 276.
92
Let v be 1/((-5)/540*-3). Suppose -11 = -2*f + 2*b + 47, -20 = 4*b. What is the highest common divisor of v and f?
12
Suppose -5*a + 1606 = 3*w, -2*a - 1164*w + 652 = -1166*w. What is the greatest common factor of a and 425?
17
Let m be 2/7 - 317/7. Let u = 13203 + -13205. Let c be (-108)/m*u/(-2)*30. Calculate the greatest common factor of 8 and c.
8
Let t = 7749 - 7259. What is the greatest common factor of t and 882?
98
Let d be (-30)/(-60)*(1 + (1 - 2)). Suppose d = -26*p + 7*p + 19. Calculate the greatest common divisor of p and 81.
1
Let f = 1094 - 990. What is the greatest common divisor of f and 260?
52
Let h be 32/(-2) + (-4)/8*6. Let s = -17 - h. Suppose 6*u - 4*u + s*f = 32, 3*u - 4*f = 76. Calculate the highest common factor of u and 160.
20
Let p be 2 + (-1926)/(-9) + -6. What is the greatest common factor of 90 and p?
30
Suppose -p + 33 = 5*m, -22 = m + 4*p - 2. Calculate the highest common factor of m and 2268.
4
Let i = -721 - -7630. What is the highest common factor of 294 and i?
147
Let q(o) = -o**3 - o. Let w be q(-2). Suppose 0 = -2*h + 5*h + 5*t - 672, 2*h = -4*t + 448. Let v = h - 222. What is the highest common factor of w and v?
2
Let u = 53 - 22. Suppose -6*g - 7 + u = 0. Suppose -2*t - x = -42 + 19, 5*t + 5*x - 55 = 0. Calculate the highest common divisor of t and g.
4
Let m = -80 + 96. Let o(s) be the third derivative of 5*s**4/12 - 6*s**3 + 25*s**2. Let c be o(6). Calculate the greatest common divisor of c and m.
8
Suppose -3*x + 16 = 2*u, -x - 4 = -4*u + 14. Let r be 196/(-21)*x/((-8)/6). Let p be (0 - -14) + (0 - 0). What is the greatest common factor of p and r?
14
Let w be -7*(0 - -1) - -625*152/190. What is the greatest common divisor of w and 153?
17
Let i(x) = 125 - 16*x - 44 - 63. Let h be i(-14). What is